8144884?
4
What is the ten thousands digit of 1413559155?
5
What is the thousands digit of 3472916?
2
What is the thousands digit of 1022847878?
7
What is the thousands digit of 68902323?
2
What is the ten thousands digit of 411335086?
3
What is the millions digit of 302354722?
2
What is the hundred thousands digit of 30908915?
9
What is the thousands digit of 440349826?
9
What is the billions digit of 2536347552?
2
What is the ten thousands digit of 35882825?
8
What is the tens digit of 2804790258?
5
What is the hundreds digit of 598117645?
6
What is the units digit of 4138578147?
7
What is the tens digit of 2054439544?
4
What is the hundred millions digit of 113126289?
1
What is the hundred millions digit of 216606199?
2
What is the ten millions digit of 68892368?
6
What is the ten millions digit of 508212431?
0
What is the ten thousands digit of 1346574664?
7
What is the thousands digit of 6148926823?
6
What is the hundreds digit of 1246287300?
3
What is the ten millions digit of 1303982273?
0
What is the hundred thousands digit of 505983718?
9
What is the thousands digit of 4414960584?
0
What is the hundreds digit of 180812039?
0
What is the thousands digit of 2959245056?
5
What is the hundreds digit of 162412628?
6
What is the ten millions digit of 363802707?
6
What is the units digit of 139320662?
2
What is the ten thousands digit of 31842669?
4
What is the ten millions digit of 38229612?
3
What is the ten thousands digit of 785359416?
5
What is the ten millions digit of 2647089218?
4
What is the ten millions digit of 53787699?
5
What is the ten millions digit of 61445694?
6
What is the ten millions digit of 99606913?
9
What is the ten millions digit of 251996847?
5
What is the units digit of 51143762?
2
What is the hundred millions digit of 113393702?
1
What is the hundred thousands digit of 18592809?
5
What is the thousands digit of 1021554308?
4
What is the ten millions digit of 23991959?
2
What is the ten millions digit of 765517663?
6
What is the units digit of 9145832?
2
What is the ten millions digit of 144216802?
4
What is the hundred millions digit of 6216734216?
2
What is the hundreds digit of 73030137?
1
What is the thousands digit of 583998036?
8
What is the hundred thousands digit of 817804593?
8
What is the thousands digit of 2125019453?
9
What is the units digit of 1489527972?
2
What is the tens digit of 46061302?
0
What is the ten thousands digit of 1543981452?
8
What is the thousands digit of 172917358?
7
What is the thousands digit of 264244844?
4
What is the tens digit of 791887544?
4
What is the ten millions digit of 3521554580?
2
What is the tens digit of 564121128?
2
What is the ten thousands digit of 101993393?
9
What is the ten thousands digit of 6558375334?
7
What is the hundreds digit of 54460858?
8
What is the ten thousands digit of 12227251?
2
What is the ten thousands digit of 622038855?
3
What is the ten millions digit of 5917831665?
1
What is the hundred millions digit of 927626407?
9
What is the units digit of 173715077?
7
What is the units digit of 268252050?
0
What is the ten thousands digit of 171709563?
0
What is the hundred millions digit of 215863430?
2
What is the ten millions digit of 62450409?
6
What is the ten thousands digit of 1227089921?
8
What is the millions digit of 659407474?
9
What is the hundred millions digit of 238842433?
2
What is the ten millions digit of 18289496?
1
What is the thousands digit of 1871125250?
5
What is the millions digit of 1464462083?
4
What is the hundred thousands digit of 462827337?
8
What is the hundreds digit of 117897948?
9
What is the hundreds digit of 1727598644?
6
What is the tens digit of 266576614?
1
What is the thousands digit of 57177149?
7
What is the tens digit of 461882090?
9
What is the ten millions digit of 32440411?
3
What is the hundred thousands digit of 2325361189?
3
What is the millions digit of 2827157435?
7
What is the hundred millions digit of 217000895?
2
What is the hundreds digit of 5408589364?
3
What is the thousands digit of 47030329?
0
What is the units digit of 757707878?
8
What is the units digit of 121109811?
1
What is the millions digit of 31079940?
1
What is the thousands digit of 1140151239?
1
What is the ten millions digit of 125902679?
2
What is the hundred millions digit of 493298419?
4
What is the billions digit of 4419887546?
4
What is the hundred millions digit of 530352687?
5
What is the ten millions digit of 301814624?
0
What is the hundred thousands digit of 683444231?
4
What is the ten millions digit of 19101011?
1
What is the hundred thousands digit of 1936683721?
6
What is the hundred millions digit of 877424514?
8
What is the hundred millions digit of 2576466999?
5
What is the ten thousands digit of 981958664?
5
What is the tens digit of 2181262294?
9
What is the units digit of 13672455?
5
What is the tens digit of 338006595?
9
What is the hundred millions digit of 5398786497?
3
What is the hundred millions digit of 236339014?
2
What is the ten millions digit of 71662559?
7
What is the hundreds digit of 596981410?
4
What is the hundreds digit of 6757244229?
2
What is the tens digit of 50888026?
2
What is the hundred thousands digit of 21521496?
5
What is the billions digit of 4441004099?
4
What is the hundred millions digit of 552020091?
5
What is the ten millions digit of 113759262?
1
What is the units digit of 742221442?
2
What is the hundred millions digit of 168762525?
1
What is the thousands digit of 3042133990?
3
What is the ten millions digit of 1185222645?
8
What is the ten millions digit of 760784969?
6
What is the hundreds digit of 323828213?
2
What is the ten thousands digit of 2592825314?
2
What is the hundred thousands digit of 108033680?
0
What is the hundred thousands digit of 41907205?
9
What is the tens digit of 612721786?
8
What is the units digit of 24745829?
9
What is the hundred thousands digit of 86561034?
5
What is the hundreds digit of 5482355?
3
What is the units digit of 364757786?
6
What is the ten millions digit of 4282886684?
8
What is the billions digit of 1043992420?
1
What is the ten thousands digit of 382638574?
3
What is the thousands digit of 1469414676?
4
What is the units digit of 53809100?
0
What is the units digit of 27784274?
4
What is the ten thousands digit of 6439359597?
5
What is the ten millions digit of 142190277?
4
What is the units digit of 2520018?
8
What is the ten thousands digit of 132867994?
6
What is the millions digit of 20553260?
0
What is the millions digit of 272897013?
2
What is the billions digit of 1759636926?
1
What is the thousands digit of 5552400578?
0
What is the ten millions digit of 115987412?
1
What is the millions digit of 1088210883?
8
What is the tens digit of 18831108?
0
What is the units digit of 161036847?
7
What is the thousands digit of 1838701784?
1
What is the ten millions digit of 33848199?
3
What is the thousands digit of 1472225522?
5
What is the thousands digit of 214818222?
8
What is the hundreds digit of 13623922?
9
What is the thousands digit of 97603773?
3
What is the thousands digit of 240966021?
6
What is the units digit of 13150877?
7
What is the ten millions digit of 86832530?
8
What is the hundred thousands digit of 567314673?
3
What is the thousands digit of 1435497378?
7
What is the ten thousands digit of 52069495?
6
What is the hundreds digit of 178356061?
0
What is the ten millions digit of 63712607?
6
What is the millions digit of 2310078538?
0
What is the units digit of 99519991?
1
What is the ten thousands digit of 625967782?
6
What is the hundred millions digit of 369040558?
3
What is the thousands digit of 1275291265?
1
What is the hundred thousands digit of 183165554?
1
What is the millions digit of 1269899125?
9
What is the ten thousands digit of 54415095?
1
What is the millions digit of 7723214?
7
What is the ten thousands digit of 3534091884?
9
What is the thousands digit of 776069317?
9
What is the ten millions digit of 666652164?
6
What is the units digit of 80995629?
9
What is the units digit of 4159168801?
1
What is the millions digit of 782794478?
2
What is the millions digit of 3947420198?
7
What is the ten thousands digit of 41927013?
2
What is the hundred thousands digit of 428455912?
4
What is the m